r when 11557726 is divided by 6779.
6310
Calculate the remainder when 1144386 is divided by 4015.
111
What is the remainder when 65782 is divided by 1631?
542
Calculate the remainder when 179365 is divided by 62.
61
What is the remainder when 418220177 is divided by 2061?
2057
Calculate the remainder when 12293121 is divided by 219.
213
What is the remainder when 71947260 is divided by 4?
0
Calculate the remainder when 19120705 is divided by 1912070.
5
Calculate the remainder when 1007127 is divided by 28775.
2
Calculate the remainder when 215075 is divided by 1015.
910
Calculate the remainder when 1904829 is divided by 190469.
139
Calculate the remainder when 1055742 is divided by 211123.
127
Calculate the remainder when 1695735176 is divided by 157.
156
Calculate the remainder when 14090157 is divided by 210.
207
What is the remainder when 92484559 is divided by 2007?
1999
What is the remainder when 10255426 is divided by 5127707?
12
What is the remainder when 665012 is divided by 991?
51
Calculate the remainder when 9313421 is divided by 3104404.
209
Calculate the remainder when 5469398 is divided by 89.
81
Calculate the remainder when 157948 is divided by 492.
16
What is the remainder when 878340 is divided by 2875?
1465
What is the remainder when 1742870 is divided by 160?
150
What is the remainder when 1727448 is divided by 8307?
7899
What is the remainder when 20106 is divided by 3492?
2646
What is the remainder when 63675 is divided by 20710?
1545
Calculate the remainder when 28842916 is divided by 187.
36
What is the remainder when 2880003 is divided by 19?
2
Calculate the remainder when 132028 is divided by 32923.
336
Calculate the remainder when 3790405 is divided by 311.
248
Calculate the remainder when 224883 is divided by 1381.
1161
Calculate the remainder when 233971 is divided by 16709.
45
Calculate the remainder when 154065 is divided by 1657.
1621
What is the remainder when 1386951 is divided by 117?
33
Calculate the remainder when 28439199 is divided by 158878.
37
What is the remainder when 5033 is divided by 1763?
1507
What is the remainder when 180319 is divided by 15?
4
Calculate the remainder when 3453335 is divided by 44.
39
Calculate the remainder when 45471 is divided by 2577.
1662
What is the remainder when 15444 is divided by 1071?
450
What is the remainder when 310447 is divided by 4252?
51
What is the remainder when 844870 is divided by 13626?
58
What is the remainder when 712977 is divided by 3896?
9
What is the remainder when 887111 is divided by 6?
5
Calculate the remainder when 40582120 is divided by 20291057.
6
Calculate the remainder when 49655 is divided by 16271.
842
What is the remainder when 46405 is divided by 15325?
430
Calculate the remainder when 11713262 is divided by 30034.
2
What is the remainder when 70745 is divided by 69876?
869
What is the remainder when 13145963 is divided by 8643?
8603
Calculate the remainder when 15236280 is divided by 3809055.
60
What is the remainder when 23589 is divided by 760?
29
Calculate the remainder when 38253 is divided by 357.
54
Calculate the remainder when 3734330 is divided by 19449.
122
Calculate the remainder when 656731488 is divided by 122.
120
What is the remainder when 50660 is divided by 192?
164
What is the remainder when 245051097 is divided by 5820?
5817
Calculate the remainder when 471114 is divided by 4207.
4137
What is the remainder when 19310340 is divided by 783?
777
What is the remainder when 451814 is divided by 325?
64
What is the remainder when 2876368 is divided by 143818?
8
What is the remainder when 287030 is divided by 1393?
72
What is the remainder when 1439152 is divided by 287830?
2
What is the remainder when 2936673 is divided by 24270?
3
What is the remainder when 5004383 is divided by 686?
13
Calculate the remainder when 103567489 is divided by 1362730.
9
Calculate the remainder when 74436018 is divided by 37217994.
30
What is the remainder when 25563063 is divided by 117?
84
Calculate the remainder when 424738 is divided by 198.
28
Calculate the remainder when 33639458 is divided by 2686.
2680
Calculate the remainder when 356658 is divided by 6858.
42
Calculate the remainder when 739147 is divided by 580.
227
What is the remainder when 213168 is divided by 6874?
74
What is the remainder when 325687 is divided by 13397?
4159
Calculate the remainder when 56402 is divided by 732.
38
What is the remainder when 143170 is divided by 1561?
1119
Calculate the remainder when 580187 is divided by 201.
101
What is the remainder when 2688030 is divided by 2222?
1632
What is the remainder when 8542959 is divided by 698?
137
What is the remainder when 82414 is divided by 15879?
3019
Calculate the remainder when 13806 is divided by 3455.
3441
What is the remainder when 616296465 is divided by 2600407?
6
Calculate the remainder when 267511 is divided by 26747.
41
Calculate the remainder when 54638 is divided by 1458.
692
Calculate the remainder when 1818114 is divided by 1173.
1137
Calculate the remainder when 73352 is divided by 655.
647
What is the remainder when 3943539 is divided by 101?
95
Calculate the remainder when 139066 is divided by 258.
4
Calculate the remainder when 74094360 is divided by 33.
21
What is the remainder when 21035561 is divided by 6317?
6268
Calculate the remainder when 14724 is divided by 1978.
878
What is the remainder when 141358 is divided by 28207?
323
What is the remainder when 775627 is divided by 10625?
2
Calculate the remainder when 1154842 is divided by 288688.
90
Calculate the remainder when 265107020 is divided by 504.
500
Calculate the remainder when 496173 is divided by 1700.
1473
What is the remainder when 4784159 is divided by 130?
29
What is the remainder when 312107 is divided by 690?
227
What is the remainder when 164925126 is divided by 190?
186
What is the remainder when 32410 is divided by 2314?
14
What is the remainder when 190620 is divided by 13590?
360
What is the remainder when 87016 is divided by 626?
2
Calculate the remainder when 6645557 is divided by 784.
373
What is the remainder when 1927031 is divided by 10?
1
What is the remainder when 173391 is divided by 1535?
1471
What is the remainder when 29054662 is divided by 18?
16
What is the remainder when 2051155 is divided by 219?
1
What is the remainder when 49718450 is divided by 5895?
20
What is the remainder when 2886700 is divided by 209?
201
Calculate the remainder when 2986541 is divided by 478.
475
What is the remainder when 30733 is divided by 5761?
1928
What is the remainder when 347703 is divided by 1005?
978
Calculate the remainder when 2922382 is divided by 194.
160
Calculate the remainder when 10704 is divided by 579.
282
What is the remainder when 48024 is divided by 1322?
432
What is the remainder when 276318 is divided by 90869?
3711
What is the remainder when 52560489 is divided by 3491?
3484
What is the remainder when 33285 is divided by 2560?
5
Calculate the remainder when 2833487 is divided by 2825.
12
What is the remainder when 1380152 is divided by 291?
230
Calculate the remainder when 10574 is divided by 72.
62
Calculate the remainder when 1144818 is divided by 304.
258
What is the remainder when 1682633561 is divided by 4733?
4731
What is the remainder when 449734314 is divided by 42?
36
Calculate the remainder when 35107290 is divided by 450093.
36
What is the remainder when 1892789 is divided by 105154?
17
Calculate the remainder when 122471989 is divided by 303.
298
Calculate the remainder when 1324755 is divided by 1399.
1301
Calculate the remainder when 7650204 is divided by 182145.
114
Calculate the remainder when 123545255 is divided by 1896.
1895
What is the remainder when 54181475 is divided by 668907?
8
Calculate the remainder when 147364 is divided by 1480.
844
Calculate the remainder when 252044 is divided by 27999.
53
What is the remainder when 212183473 is divided by 245?
243
What is the remainder when 25503455 is divided by 18139?
21
Calculate the remainder when 178880 is divided by 4.
0
Calculate the remainder when 23517 is divided by 412.
33
What is the remainder when 20641629 is divided by 33?
30
What is the remainder when 868580 is divided by 384?
356
What is the remainder when 5669287 is div